 remainder when w is divided by a?
1
Let j(p) = -7*p**3 + 2*p**2 - p. Let g be j(1). Let b = 8 + g. Calculate the remainder when b is divided by 1.
0
Suppose 2*m - 4*n - 32 = 0, 42 = 2*m + 2*n - 2. Calculate the remainder when 36 is divided by m.
16
Suppose 2*f - 128 = 48. Suppose 5*j - f = j. Calculate the remainder when j is divided by 6.
4
Let b = 7 - 7. Let k be 1/1 - (-5 - b). Calculate the remainder when 23 is divided by 3*k/(-27)*-9.
5
Let q be (-1)/3 - (-8)/6. Let x be 1/(10/9 - q). What is the remainder when 6 is divided by (18/(-15))/(x/(-30))?
2
Suppose -w + 3*t = -3, 0 = -2*w + 7*w + 3*t - 15. Let a = 2 + w. Let l = -5 - -14. What is the remainder when l is divided by a?
4
What is the remainder when 776/28 + 2/7 is divided by 11?
6
Suppose v - 6 = -1. Suppose -u = -21 + v. What is the remainder when 47 is divided by u?
15
What is the remainder when 6*7*1 - -3 is divided by 12?
9
Suppose 7*x + x = 80. What is the remainder when x is divided by 4?
2
Suppose 2*d + 3*d + 3*j = 35, -2*j = 0. Calculate the remainder when (-94)/(-8) + 1/4 is divided by d.
5
Let v = 24 + -14. Calculate the remainder when 19 is divided by v.
9
Let v = 9 - 6. Suppose 105 = 2*b + v*b. Calculate the remainder when 82 is divided by b.
19
Suppose 4*k - 4 = 2*k. Suppose -k = -3*i + 10. Let c(o) = o**3 - 4*o**2 + 5. Calculate the remainder when c(i) is divided by 3.
2
Suppose 0 = 5*l - 10*l + 4*n + 146, n = -3*l + 91. Let s = -18 + 29. What is the remainder when l is divided by s?
8
Suppose -99 = -3*d - 2*n - n, 0 = 5*d + n - 149. Suppose -4*g + d = 5. Suppose 0 = 3*q - 9, -2 = 2*r - 4*q + g. Calculate the remainder when 4 is divided by r.
0
Let p(b) = 12*b - 3. Suppose y + 29 + 39 = 5*j, -j = -5*y - 4. Suppose -3 = f - j. What is the remainder when p(2) is divided by f?
10
Suppose 2 - 8 = -3*n. Suppose 4*t - 46 = -n*s, 2*s + 45 = 5*t - 17. Calculate the remainder when 708/21 - 4/(-14) is divided by t.
10
Suppose 9 = -d + 21. Calculate the remainder when 69 is divided by d.
9
Let m = 39 + -22. Calculate the remainder when 30 is divided by m.
13
Let z(d) = -5*d**2 + 4*d**2 + 2 + 9*d - 9. Suppose 0 = 3*l + 5*j - 1, -5*j - 55 = -5*l. Calculate the remainder when 19 is divided by z(l).
5
Suppose -2*x = 4, -4*k - 12*x + 18 = -7*x. Suppose -4*t - 5*w + 2 = -3*t, -52 = -t + 5*w. Calculate the remainder when t is divided by k.
6
Let h be 1 + 69/(-4 - -7). Let p = h + -20. Calculate the remainder when p is divided by 4.
0
Suppose -3*m + 3 = -6*m. Calculate the remainder when 26 is divided by m*-2*18/4.
8
Suppose 0 = 4*h - 15 - 5. Suppose -105 + 25 = -h*a. Calculate the remainder when a is divided by (36/24)/(2/12).
7
Let h(o) = -o + 7. Let l(r) = r**2 - 4. Let p be l(3). Let f be h(p). Suppose -f*a + 31 = 3. What is the remainder when 40 is divided by a?
12
Let a(t) = -t - 3. Let o be a(-3). Suppose q + 3*q - 48 = o. What is the remainder when 47 is divided by q?
11
Suppose 4 = 2*x - 2. Suppose -5*y + 158 = x. What is the remainder when 60 is divided by y?
29
Let p(w) = 29*w**3 - w**2 - w + 1. Calculate the remainder when p(1) is divided by 15.
13
Suppose 4*h = 5*o - 9, h = 5*o + 2*h - 29. Calculate the remainder when o is divided by 3.
2
Let c(n) = 2*n**2 + 11*n - 38. Calculate the remainder when c(-11) is divided by 17.
15
Suppose 0*x + 2*m = -4*x - 44, -x + 4*m + 7 = 0. Calculate the remainder when x/(-45) - (-429)/5 is divided by 22.
20
Let w(l) = 9*l - 4. Let n be w(6). Let d = n + -14. Suppose 2*p + 26 = 4*p. Calculate the remainder when d is divided by p.
10
Calculate the remainder when 32 is divided by (-1 + 21)/4 + 0.
2
Suppose -296 = -4*y + 4*w, -4*w = 2*y - 13 - 147. Calculate the remainder when y is divided by 20.
16
Let p = -16 - -47. Let t be ((-4)/(-5))/(4/370). Suppose -10 = 4*h - t. Calculate the remainder when p is divided by h.
15
Suppose -3*g + 18 + 15 = 0. Calculate the remainder when 64 is divided by g.
9
Suppose 225 + 0 = 5*g. Suppose -6*o + g = -o. Calculate the remainder when 43 is divided by 30/o*(-9)/(-2).
13
Suppose -5*j - 142 = -447. Let g = j - 24. Calculate the remainder when g is divided by 13.
11
Suppose -189*i + 196*i - 28 = 0. What is the remainder when (1/(-1))/(1/(-19)) is divided by i?
3
What is the remainder when 32 is divided by 5/2*(-44)/(-10)?
10
Let m = -35 + 54. What is the remainder when m is divided by 8?
3
Let a(c) = -c**3 - 4*c**2 + 3*c + 5. Let d be a(-7). Suppose 3*z - 7*z + d = -i, 2*z + i - 67 = 0. Calculate the remainder when z is divided by 69/6 - 1/(-2).
9
What is the remainder when 232/28 - 6/21 is divided by 3?
2
Suppose -2*o = o - 51. Calculate the remainder when o is divided by (-78)/(-18) - 2/(-3).
2
Suppose 153 = 5*f + 2*x - 5*x, 0 = -2*f + 2*x + 62. Suppose -48*j = -45*j - 171. What is the remainder when j is divided by f?
27
Suppose 219 = -10*y + 2929. What is the remainder when y is divided by 13?
11
Suppose -84 = 2*q - 3*q. Suppose 5*b + 2*h - q = 0, 0 = 2*h - 1 + 7. Calculate the remainder when 53 is divided by b.
17
Suppose -2*v + 5*h = -111, 0 = -h - 5 + 4. Suppose -5*x - b = -x - v, b + 19 = 2*x. What is the remainder when 23 is divided by x?
11
Let f(m) = 6*m + 5. What is the remainder when 43 is divided by f(1)?
10
Let t(j) = j + 10. Let k be t(0). What is the remainder when (1 + 1)/(2/47) is divided by (-82)/(-5) - 4/k?
15
Let s(i) = -i + 24. Calculate the remainder when s(7) is divided by 9.
8
Let a = -74 - -90. Calculate the remainder when a is divided by 7.
2
Let m = -47 + 23. Suppose -3*k - l = 39, 2*k + 2*k + 52 = -5*l. Let i = k - m. Calculate the remainder when 31 is divided by i.
9
What is the remainder when 15 is divided by (-16)/28 - 120/(-14)?
7
What is the remainder when 1/3*-5*(-1770)/25 is divided by 30?
28
Let n = -3 - -3. Let l = n + 32. What is the remainder when l is divided by (-57)/(-5) - 2/5?
10
Let u = 7 - 2. Suppose u*g = -2*q + 19, 3*q = -g - 3*g + 11. Suppose -4*t = g*p - 37, 2*t + 3*t + 10 = 0. What is the remainder when p is divided by 5?
4
Let p(q) = q + 8. Let l be p(-7). Suppose -27 = -2*m - l. What is the remainder when 23 is divided by m?
10
Suppose 4*u = 2*u + 4. Suppose 2*i + u*i = 252. Calculate the remainder when i is divided by 22.
19
Let y(m) be the first derivative of -m**2/2 + 17*m + 1. Let g(a) = -a**3 - a**2 + 3*a. What is the remainder when y(0) is divided by g(-3)?
8
Let p = 9 + -9. Suppose p = 6*z - z - 90. Calculate the remainder when z is divided by 10.
8
Let b be (-96)/(-54) - 2/(-9). Let s(m) = 21*m. Let r be s(1). Suppose b*y + y - r = 0. What is the remainder when y is divided by 5?
2
Let r(f) = -f**2 - 10*f - 11. What is the remainder when 28 is divided by r(-7)?
8
Let r(t) = 9*t**2 - t - 1. What is the remainder when r(-2) is divided by 20?
17
Let u(n) = -n**3 + 5*n**2 + 7*n. Let y be 0/(5/((-5)/(-2))). Suppose -4*v + 111 - 27 = y. Calculate the remainder when v is divided by u(6).
3
Let g(b) = -b**2 - 9*b - 12. Let l be g(-8). Let f(u) = -29*u + 5. What is the remainder when f(l) is divided by 31?
28
Suppose 6 = 2*t + t. Let g(x) = -1 - t - 3 + 2*x. Calculate the remainder when g(4) is divided by 1.
0
Suppose 0 = -3*u - 2*u - 3*r + 568, -3*r + 3 = 0. What is the remainder when u is divided by 23?
21
Let u(a) = a**3 + 8*a**2 + 5*a + 9. Let x be 26/(-4) - 5/10. Calculate the remainder when u(x) is divided by 13.
10
Let d(u) = u + 6. Calculate the remainder when 5 is divided by d(-4).
1
Let y(z) = 2*z**2 - z + 2. What is the remainder when 21 is divided by y(-2)?
9
Suppose 2*x + 0*u = -5*u + 66, 0 = x - u - 40. Suppose -2*i + 3*o = 0, 4*o = -0*i + 2*i. What is the remainder when x is divided by -13*(i - (0 + 1))?
12
Suppose -3*h + 64 = -2*u, 4*u + 110 = 3*h + 2*h. Let v(j) = j**3 - 12*j**2 - 7*j - 8. What is the remainder when v(13) is divided by h?
16
Let h = -20 + 11. Calculate the remainder when ((-60)/2)/(6/h) is divided by 23.
22
Let n(q) = -23*q - 1. Calculate the remainder when 85 is divided by n(-1).
19
Let g = 1 + 2. Suppose -g*l + 1 = 7. Calculate the remainder when ((-8)/(-5))/(l/(-5)) is divided by 2.
0
What is the remainder when 153 is divided by 105/(-42)*(-104)/5?
49
Let v = -25 - -103. Calculate the remainder when v is divided by 8.
6
Suppose -w + 0*w + 19 = 0. What is the remainder when 94 is divided by w?
18
Let x be -4*2*2/(-2).